Let x(q) be the first derivative of q**5/30 - 5*q**4/12 - q**3/2 + 3*q**2/2 - 8. Let s(p) be the second derivative of x(p). What are the prime factors of s(6)?
3
What are the prime factors of 12077685/(-863)*(5/(-3) - -1)?
2, 3, 5, 311
Let w be 2 + 28/(-12) - (-4)/12. Let j(p) = 4*p + 176 - 18 - p**2 + 0*p**2. List the prime factors of j(w).
2, 79
Suppose 5*w = 3*z - 4*z, -4*z - w = -19. Let r(k) = 48 - z*k - 42 - 9*k. List the prime factors of r(-11).
2, 5
Let o(t) = 9*t**2 + 4*t - 6. Let c be (6/(-24) + 129/4)/1. Suppose -c = 3*l - 11*l. List the prime factors of o(l).
2, 7, 11
What are the prime factors of 39483/9 - (-6 - -21)?
2, 1093
Let w = 19307 + -9230. List the prime factors of w.
3, 3359
Suppose -12225 = -2*p + 1511. List the prime factors of p.
2, 17, 101
Let r = 33282 + -24959. What are the prime factors of r?
7, 29, 41
Let t = 293 - 182. Let d = 156 - t. List the prime factors of d.
3, 5
Suppose -3*w - 420 - 612 = 0. Let r be ((-2)/2)/(-6 + (-2062)/w). Let a = r + 102. List the prime factors of a.
2, 137
Suppose -5*y + 494 = 8*y. Suppose 323 + y = m. What are the prime factors of m?
19
Let y = -5816 - -13168. Suppose y = -15*x + 23*x. Suppose 0 = 7*j - 54 - x. List the prime factors of j.
139
Let f(t) = 844*t + 860. What are the prime factors of f(6)?
2, 1481
Suppose -4*p + 827 = 8*v - 5*v, -p = -v - 205. Let r = 350 - p. List the prime factors of r.
2, 3
Suppose 10*f + 8436 = -2*f. Let v = f + 2209. List the prime factors of v.
2, 3, 251
Let n(m) = 1 + 1 + 23*m**3 + 92*m - 91*m - 2*m**2. Let c be n(-1). What are the prime factors of (-2484)/c - (-2 - 1/(-2))?
3, 5, 7
Let r be (-2373)/(-15) + 1/(-5). Let l = r + 141. List the prime factors of l.
13, 23
Let y(g) = 44*g**2 - 3*g - 13. Let s be y(-3). Let a = s + -264. List the prime factors of a.
2
Let j(f) = 88*f - 18. Let i be j(13). Suppose -38 = -6*c + i. What are the prime factors of c?
2, 97
Suppose -2*w = -2*j + 3006, -3 = -5*w + 8*w. List the prime factors of j.
2, 751
Suppose 1200 = 102*f - 100*f. Let v = -271 + f. List the prime factors of v.
7, 47
Suppose 0 = 49*x - 46*x - 882. Let f = 390 - x. What are the prime factors of f?
2, 3
Let l(n) = -30*n**2 + 9*n - 8. Let s(j) = j**2 + j + 1. Let t(k) = -l(k) + 2*s(k). What are the prime factors of t(3)?
277
Let y(n) = 113*n + 908. Let b be y(-8). Suppose 0 = k - 5*k + 12. Suppose -k*x - 107 = -b*x. What are the prime factors of x?
107
Let i = -400 + 771. What are the prime factors of ((-30)/(-5) - 4) + i?
373
Suppose -19*q = -89*q + 4676350. List the prime factors of q.
5, 31, 431
Let g = 98 - 95. Suppose 0 = 5*x + 2*q - 1545, 0*q = 3*x + g*q - 927. What are the prime factors of x?
3, 103
What are the prime factors of 27/18*-60*(-1138)/4?
3, 5, 569
Suppose 3*k = c + 844, -5*k + 752 + 666 = 4*c. Suppose -z = -2*h - 42 - k, -2*z = -h - 660. List the prime factors of z.
2, 83
Suppose n + m - 6 = 0, -5*n + 21 = 3*m - m. Suppose -2*r - n + 15 = 0. Suppose -18*p + r*p = -1296. What are the prime factors of p?
2, 3
Let n(y) = -y**3 - 16*y**2. Let i be n(-16). Let h be 0 + 3 + i - (5 + 109). Let b = 35 - h. What are the prime factors of b?
2, 73
Let y(g) = 2*g**3 + 2*g**2 - 4*g - 8. Let w be y(9). Suppose a - 11 - 35 = -4*p, -5*a + 65 = 5*p. Suppose p*u - 3*u = w. What are the prime factors of u?
197
List the prime factors of (32/(-12) + 3)/((-192)/(-37263744)).
2, 7, 4621
List the prime factors of 23762/(-3)*(42/(-15) - (-11)/(-55)).
2, 109
Let s(x) = 3*x**3 - x**2 - 6*x + 21. Let p be s(6). Suppose 4*t = -w + 7*t + 203, -3*w + 5*t + p = 0. List the prime factors of w.
2, 97
Let n(w) = 3*w**2 + 2*w + 1. Let f be n(-1). What are the prime factors of (-1)/f - (-681)/2 - -1?
11, 31
Let q(j) = -j**3 + 18*j**2 - 26*j - 7. Let f be q(14). List the prime factors of 21*6/18 + f.
2, 3, 5, 7
Let u(b) = b**2 + 2*b - 6. Let c be u(-4). List the prime factors of (-216 + -1 + (c - 4))/(-1).
3, 73
Suppose 0 = -4*v + 44*t - 39*t + 178457, v - 44583 = -5*t. List the prime factors of v.
2, 17, 41
Let u = 831 + 2547. Suppose 6*o - u = 1440. List the prime factors of o.
11, 73
Let m = 60063 - 26593. List the prime factors of m.
2, 5, 3347
Let i = -369 - -324. List the prime factors of (-4330)/i - (-4)/(-18).
2, 3
Let o(m) = -2*m**3 + 10*m**2 + 2*m - 16. Let u be o(5). List the prime factors of (u - -5 - 0) + -3 + 1289.
5, 257
Let w be (3 - (-12)/(-28))/((-11)/77). What are the prime factors of 90/w + 85 + 2?
2, 41
Let r(q) be the second derivative of 19/12*q**4 + 7/3*q**3 + 15/2*q**2 + 1/20*q**5 + q + 0. What are the prime factors of r(-18)?
3, 29
Let z(g) = -g**3 - 86*g**2 - 94*g + 161. What are the prime factors of z(-86)?
5, 17, 97
Let h(i) = -137*i + 2379. List the prime factors of h(-145).
2, 67, 83
Suppose -d = 3*d - 448. Let h(z) = -z**2 + 2*z - 21. Let m be h(0). Let u = d + m. What are the prime factors of u?
7, 13
Let x(a) = 19*a**2 + 5*a - 18. Let m(y) = 58*y**2 + 15*y - 55. Let c(b) = 2*m(b) - 7*x(b). Let z be c(5). Let u = z - -608. What are the prime factors of u?
2, 3, 29
Let c(u) = u**3 + 4*u**2 + 19*u + 70. Let l be c(13). Suppose 2*z - 4*j - l = 0, -3*z + 5908 - 1093 = 4*j. What are the prime factors of z?
1601
Suppose -4*b - 38869 = -3*p, p - 4534 = 5*b + 8437. List the prime factors of p.
3, 1439
Suppose 3*s = 4*w - 370, -4*w - 19*s = -24*s - 366. Suppose -198 = -5*m + 452. Suppose 7*v = w + m. List the prime factors of v.
2
Let x(c) = -c**2 + 63*c + 134. Suppose 22*o - 35 = 21*o. What are the prime factors of x(o)?
2, 557
Suppose 581*i = 577*i + 3416. Let m = 2117 - i. What are the prime factors of m?
3, 421
Let z(w) be the second derivative of w**5/20 - 19*w**4/12 - 4*w**3/3 - 2*w**2 + 2*w + 11. List the prime factors of z(22).
2, 3, 53
Let h(s) = -s**2 - 18*s + 4. Let c be h(-18). Suppose -3*g + 91 = c*g. Let o(a) = -a**2 + 17*a + 13. What are the prime factors of o(g)?
5, 13
Let q(b) be the second derivative of 4*b**3/3 - 3*b**2 + 104*b. Let d be (-10)/3*(-12)/8. What are the prime factors of q(d)?
2, 17
Suppose -j + 5*q = -27, 2*q = -j - 0*q - 8. Let h(c) = 16 + 13*c**j + c**3 - 9*c**3 + 7*c**3 + 11*c. What are the prime factors of h(13)?
3, 53
Suppose 22*w = 5*w + 969. Let o = 61 - w. Suppose o*t + 2*b - 134 = 0, -5*t + 86 + 54 = -3*b. What are the prime factors of t?
31
Let t(k) = -14*k + 194 - 366 + 2*k**2 + 194. What are the prime factors of t(-12)?
2, 239
Suppose 0 = 6*r + 44 - 80. What are the prime factors of (296/r + -2)/(1/33)?
2, 11, 71
List the prime factors of (5 - 10) + ((-32908)/(-95))/(2/20).
3, 1153
List the prime factors of (-9)/((-81)/15894) - 8.
2, 3, 293
Suppose -4*w - 2 = 18, -3*w + 17 = -4*c. List the prime factors of c/(96/20)*-108.
2, 3, 5
Let k(f) = f**2 - 3*f - 21. Suppose 9 = 2*c + d, -5*c - 5*d + 30 = -0*d. Suppose 0 = 2*a - 5*n - 11, a - n + 5 = c. List the prime factors of k(a).
7
Let z = 72 + -36. Let n be z/10 - ((-12)/5)/6. Suppose 2*a + n*t = 458, 4*a - 2*t = -7*t + 901. What are the prime factors of a?
3, 73
Suppose -26*f + 69 + 243 = 0. What are the prime factors of 822 + (1 + -2)/(f/36)?
3, 7, 13
Let n be -10*(36/(-8))/(-3)*2. List the prime factors of (-10 + -2)*410/n.
2, 41
Let b(s) = s + 4. Suppose 4*l + 5 = 3*q, q + 21 - 6 = -2*l. Let t be b(q). What are the prime factors of t*3 + (-588)/(-6)?
5, 19
Let j(v) = 61*v - 2. Let w be j(3). Suppose -n = 4*f - 1205, -2*f - 69*n = -64*n - 607. Let o = f - w. List the prime factors of o.
2, 3, 5
Let b be (-40)/(-30) - (-5)/(30/30946). Let c = b + -3414. What are the prime factors of c?
5, 349
What are the prime factors of (-27)/(-25) + (-18)/225 + 30622?
113, 271
Let o(w) be the third derivative of w**7/336 - 7*w**6/720 - w**5/30 - 16*w**2. Let g(j) be the third derivative of o(j). List the prime factors of g(6).
83
Let d(p) = -p**3 + 4*p**2 - 4*p + 5. Let y be d(3). Suppose 0 = -y*m - 4*i + 1636, 14*i = 2*m + 17*i - 1637. List the prime factors of m.
2, 5, 41
Let d(g) = g**3 + 38*g**2 + 10*g + 10. Let b(u) = -4*u**2 + 3*u - 10. Let a be b(3). What are the prime factors of d(a)?
1009
Let j be 464/(-10) + 6/(-10). Let p = -47 - j. Suppose -3*z + 27 + 66 = p. What are the prime factors of z?
31
Suppose 102*h + 305358 = 850344. What are the prime factors of h?
3, 13, 137
List the prime factors of (8 - 14)/(-6)*(1 + (-7 - -45024)).
2, 3, 41, 61
L